{"id":3221,"date":"2023-02-27T08:08:24","date_gmt":"2023-02-27T08:08:24","guid":{"rendered":"https:\/\/mlo.lt\/?post_type=product&#038;p=3221"},"modified":"2023-02-27T11:37:19","modified_gmt":"2023-02-27T11:37:19","slug":"sulankstomas-tatuiruociu-stalas-tattoo-mx-su-priedais","status":"publish","type":"product","link":"https:\/\/mlo.lt\/index.php\/product\/sulankstomas-tatuiruociu-stalas-tattoo-mx-su-priedais\/","title":{"rendered":"Sulankstomas tatuiruo\u010di\u0173 stalas Tattoo MX su priedais"},"content":{"rendered":"<p id=\"tw-target-text\" class=\"tw-data-text tw-text-large tw-ta\" dir=\"ltr\" data-placeholder=\"Vertimas\"><span class=\"Y2IQFc\" lang=\"lt\">Tattoo MX stalas buvo sukurtas atsi\u017evelgiant \u012f tatuiruo\u010di\u0173 ir auskar\u0173 v\u0117rimo studij\u0173 poreikius. Keturi\u0173 sekcij\u0173 pavir\u0161ius leid\u017eia klient\u0105 paguldyti gulimoje pad\u0117tyje, pakelti blauzd\u0105, kuln\u0105, taip pat pasodinti. Stalo apmu\u0161alai suteikia auk\u0161\u010diausi\u0105 komfort\u0105 labai ilg\u0173 seans\u0173 metu. Stalo apdaila puikiai \u012fsilieja \u012f tatuiruo\u010di\u0173 ir auskar\u0173 v\u0117rimo salono erdv\u0119, suteikdama unikal\u0173, skoning\u0105 charakter\u012f.<\/span><\/p>\n<ul>\n<li id=\"tw-target-text\" class=\"tw-data-text tw-text-large tw-ta\" dir=\"ltr\" data-placeholder=\"Vertimas\"><span class=\"Y2IQFc\" lang=\"lt\">Keturi\u0173 dali\u0173 Tattoo XM sulankstomas stalas;<\/span><\/li>\n<li class=\"tw-data-text tw-text-large tw-ta\" dir=\"ltr\" data-placeholder=\"Vertimas\"><span class=\"Y2IQFc\" lang=\"lt\">Comfort Plus apmu\u0161alai;<\/span><\/li>\n<li class=\"tw-data-text tw-text-large tw-ta\" dir=\"ltr\" data-placeholder=\"Vertimas\"><span class=\"Y2IQFc\" lang=\"lt\">Pro-Bag kelioninis krep\u0161ys su pried\u0173 ki\u0161en\u0117mis;<\/span><\/li>\n<li class=\"tw-data-text tw-text-large tw-ta\" dir=\"ltr\" data-placeholder=\"Vertimas\"><span class=\"Y2IQFc\" lang=\"lt\">Reguliuojama galvos atrama;<\/span><\/li>\n<li class=\"tw-data-text tw-text-large tw-ta\" dir=\"ltr\" data-placeholder=\"Vertimas\"><span class=\"Y2IQFc\" lang=\"lt\">Porankiai;<\/span><\/li>\n<li class=\"tw-data-text tw-text-large tw-ta\" dir=\"ltr\" data-placeholder=\"Vertimas\"><span class=\"Y2IQFc\" lang=\"lt\">Easy fold gumeli\u0173 sistema;<\/span><\/li>\n<\/ul>\n<p>Krep\u0161io i\u0161matavimai:<\/p>\n<ul>\n<li id=\"tw-target-text\" class=\"tw-data-text tw-text-large tw-ta\" dir=\"ltr\" data-placeholder=\"Vertimas\"><span class=\"Y2IQFc\" lang=\"lt\">Auk\u0161tis: 67 cm;<\/span><\/li>\n<li class=\"tw-data-text tw-text-large tw-ta\" dir=\"ltr\" data-placeholder=\"Vertimas\"><span class=\"Y2IQFc\" lang=\"lt\"> Plotis: 18 cm;<\/span><\/li>\n<li class=\"tw-data-text tw-text-large tw-ta\" dir=\"ltr\" data-placeholder=\"Vertimas\"><span class=\"Y2IQFc\" lang=\"lt\"> Ilgis: 90 cm;<\/span><\/li>\n<\/ul>\n<p class=\"tw-data-text tw-text-large tw-ta\" dir=\"ltr\" data-placeholder=\"Vertimas\">\n","protected":false},"excerpt":{"rendered":"<ul>\n<li>Auk\u0161tis: 60-80 cm (reguliuojamas kas 5 cm);<\/li>\n<li>Plotis: 68 cm (su porankiai +12 cm);<\/li>\n<li>Ilgis: 184 cm (su galvos atrama 214 cm);<\/li>\n<li>Galin\u0117s dalies reguliavimas nuo 0 iki\u00a0 54 laipsi\u0173;<\/li>\n<li>Priekin\u0117s dalies reguliavimas nuo 0 iki 40 laipsni\u0173;<\/li>\n<li>Svoris: 20 kg (be pried\u0173);<\/li>\n<li>Statinis atsparumas: 350 kg;<\/li>\n<li>Dinaminis atsparumas: 1400 kg;<\/li>\n<li>Sertifikatai:\u00a0<span lang=\"lt\">T\u00dcV Riehland, CE, FIRA ir Oeko-Tex, IQT B.T.L;<\/span><\/li>\n<li>Pristatymas per 3 sav.<\/li>\n<\/ul>\n","protected":false},"featured_media":3232,"comment_status":"open","ping_status":"closed","template":"","meta":[],"product_cat":[64],"product_tag":[],"class_list":["post-3221","product","type-product","status-publish","has-post-thumbnail","hentry","product_cat-tatuiruociu-stalai","product-has-gallery"],"_links":{"self":[{"href":"https:\/\/mlo.lt\/index.php\/wp-json\/wp\/v2\/product\/3221","targetHints":{"allow":["GET"]}}],"collection":[{"href":"https:\/\/mlo.lt\/index.php\/wp-json\/wp\/v2\/product"}],"about":[{"href":"https:\/\/mlo.lt\/index.php\/wp-json\/wp\/v2\/types\/product"}],"replies":[{"embeddable":true,"href":"https:\/\/mlo.lt\/index.php\/wp-json\/wp\/v2\/comments?post=3221"}],"wp:featuredmedia":[{"embeddable":true,"href":"https:\/\/mlo.lt\/index.php\/wp-json\/wp\/v2\/media\/3232"}],"wp:attachment":[{"href":"https:\/\/mlo.lt\/index.php\/wp-json\/wp\/v2\/media?parent=3221"}],"wp:term":[{"taxonomy":"product_cat","embeddable":true,"href":"https:\/\/mlo.lt\/index.php\/wp-json\/wp\/v2\/product_cat?post=3221"},{"taxonomy":"product_tag","embeddable":true,"href":"https:\/\/mlo.lt\/index.php\/wp-json\/wp\/v2\/product_tag?post=3221"}],"curies":[{"name":"wp","href":"https:\/\/api.w.org\/{rel}","templated":true}]}}