{"id":2903,"date":"2023-02-22T12:27:18","date_gmt":"2023-02-22T12:27:18","guid":{"rendered":"https:\/\/mlo.lt\/?post_type=product&#038;p=2903"},"modified":"2026-02-12T12:49:10","modified_gmt":"2026-02-12T12:49:10","slug":"stacionarus-masazo-stalas-ella-plus","status":"publish","type":"product","link":"https:\/\/mlo.lt\/index.php\/product\/stacionarus-masazo-stalas-ella-plus\/","title":{"rendered":"Stacionarus stalas Ella Plus"},"content":{"rendered":"<p>&#8222;Ella&#8221; serija yra originalaus dizaino, auk\u0161\u010diausios kokyb\u0117s med\u017eiag\u0173 ir i\u0161skirtinio charakterio. Gulto pagrindas pagamintas i\u0161 poliruoto ner\u016bdijan\u010dio plieno. &#8222;Ella&#8221; gultai yra puikus produktas tiek masa\u017eo, auskar\u0173 v\u0117rimo, tatui\u010druo\u010di\u0173, medicininiuose kabinetuose, tiek atliekant dr\u0117gnas proced\u016bras (vandens parkai ir pan.). Auk\u0161tos kokyb\u0117s put\u0173 poliuretanas ir mink\u0161ta apmu\u0161al\u0173 med\u017eiaga leid\u017eia pacientui visapusi\u0161kai atsipalaiduoti.<\/p>\n","protected":false},"excerpt":{"rendered":"<ul>\n<li>Auk\u0161tis: 65 cm;<\/li>\n<li>Plotis: 67 cm;<\/li>\n<li>Ilgis: 202 cm;<\/li>\n<li>Svoris: 25 kg (be pried\u0173);<\/li>\n<li>Maksimallus paciento svoris: 200 kg;<\/li>\n<li>Dinaminis atsparumas: 800 kg;<\/li>\n<li>Koj\u0173 konstrukcija: ner\u016bdijantis plienas;<\/li>\n<li>Pristatymas per 3 sav.<\/li>\n<\/ul>\n","protected":false},"featured_media":2881,"comment_status":"open","ping_status":"closed","template":"","meta":[],"product_cat":[104,51,103,53],"product_tag":[],"class_list":["post-2903","product","type-product","status-publish","has-post-thumbnail","hentry","product_cat-medicinines-kusetes","product_cat-spa-ir-sveikatingumo-centro-gultai-stalai","product_cat-stacionarus-estetines-medincinos-ir-grozio-proceduru-stalai","product_cat-stacionarus-masazo-stalai","product-has-gallery"],"_links":{"self":[{"href":"https:\/\/mlo.lt\/index.php\/wp-json\/wp\/v2\/product\/2903","targetHints":{"allow":["GET"]}}],"collection":[{"href":"https:\/\/mlo.lt\/index.php\/wp-json\/wp\/v2\/product"}],"about":[{"href":"https:\/\/mlo.lt\/index.php\/wp-json\/wp\/v2\/types\/product"}],"replies":[{"embeddable":true,"href":"https:\/\/mlo.lt\/index.php\/wp-json\/wp\/v2\/comments?post=2903"}],"wp:featuredmedia":[{"embeddable":true,"href":"https:\/\/mlo.lt\/index.php\/wp-json\/wp\/v2\/media\/2881"}],"wp:attachment":[{"href":"https:\/\/mlo.lt\/index.php\/wp-json\/wp\/v2\/media?parent=2903"}],"wp:term":[{"taxonomy":"product_cat","embeddable":true,"href":"https:\/\/mlo.lt\/index.php\/wp-json\/wp\/v2\/product_cat?post=2903"},{"taxonomy":"product_tag","embeddable":true,"href":"https:\/\/mlo.lt\/index.php\/wp-json\/wp\/v2\/product_tag?post=2903"}],"curies":[{"name":"wp","href":"https:\/\/api.w.org\/{rel}","templated":true}]}}