{"id":1663,"date":"2021-02-25T09:21:18","date_gmt":"2021-02-25T09:21:18","guid":{"rendered":"http:\/\/mlo.lt\/?post_type=product&#038;p=1663"},"modified":"2023-03-13T12:32:22","modified_gmt":"2023-03-13T12:32:22","slug":"meistro-kede-prof-2","status":"publish","type":"product","link":"https:\/\/mlo.lt\/index.php\/product\/meistro-kede-prof-2\/","title":{"rendered":"Meistro k\u0117d\u0117 Prof+ (juoda\/kremin\u0117)"},"content":{"rendered":"<p>Prof k\u0117d\u0117 yra originalios \u017emogaus anatomij\u0105 atitinkan\u010dios formos, kuri padeda i\u0161saugoti teising\u0105 laikysen\u0105. Dabar J\u016bs nepavargsite proced\u016bros metu ir nugaros skausmai liks tik kaip prisiminimas! K\u0117d\u0117s rateliai leid\u017eia j\u0105 lengvai perve\u017eti \u012f reikiam\u0105 viet\u0105, o pagamintos i\u0161 tvirto plastiko ir metalinis amortizatorius garantuoja, kad k\u0117d\u0117 Jums ilgai tarnaus.<\/p>\n<p>K\u0117d\u0117s danga i\u0161 auk\u0161tos kokyb\u0117s vinilo, tod\u0117l\u00a0 ji ilgus metus atrodys nepriekai\u0161tingai. Mink\u0161tas put\u0173 poliuretano u\u017epildas suteikia papildom\u0105 komfort\u0105 net ilgiausiai trunkan\u010dios proced\u016bros metu.<\/p>\n<p>&nbsp;<\/p>\n","protected":false},"excerpt":{"rendered":"<ul>\n<li>Reguliuojamas auk\u0161tis: 47-62 cm;<\/li>\n<li>Maksimali apkrova: 100 kg;<\/li>\n<li>Svoris: 5 kg;<\/li>\n<li>Kry\u017em\u0117: metalin\u0117;<\/li>\n<li>Apmu\u0161alo spalva: kremin\u0117 arba juoda;<\/li>\n<li>Ratukai: plastikiniai arba gumuoti.<\/li>\n<\/ul>\n","protected":false},"featured_media":1664,"comment_status":"open","ping_status":"closed","template":"","meta":[],"product_cat":[63],"product_tag":[],"class_list":["post-1663","product","type-product","status-publish","has-post-thumbnail","hentry","product_cat-kedes-ant-ratuku","product-has-gallery"],"_links":{"self":[{"href":"https:\/\/mlo.lt\/index.php\/wp-json\/wp\/v2\/product\/1663","targetHints":{"allow":["GET"]}}],"collection":[{"href":"https:\/\/mlo.lt\/index.php\/wp-json\/wp\/v2\/product"}],"about":[{"href":"https:\/\/mlo.lt\/index.php\/wp-json\/wp\/v2\/types\/product"}],"replies":[{"embeddable":true,"href":"https:\/\/mlo.lt\/index.php\/wp-json\/wp\/v2\/comments?post=1663"}],"wp:featuredmedia":[{"embeddable":true,"href":"https:\/\/mlo.lt\/index.php\/wp-json\/wp\/v2\/media\/1664"}],"wp:attachment":[{"href":"https:\/\/mlo.lt\/index.php\/wp-json\/wp\/v2\/media?parent=1663"}],"wp:term":[{"taxonomy":"product_cat","embeddable":true,"href":"https:\/\/mlo.lt\/index.php\/wp-json\/wp\/v2\/product_cat?post=1663"},{"taxonomy":"product_tag","embeddable":true,"href":"https:\/\/mlo.lt\/index.php\/wp-json\/wp\/v2\/product_tag?post=1663"}],"curies":[{"name":"wp","href":"https:\/\/api.w.org\/{rel}","templated":true}]}}