{"id":1625,"date":"2021-02-24T13:01:54","date_gmt":"2021-02-24T13:01:54","guid":{"rendered":"http:\/\/mlo.lt\/?post_type=product&#038;p=1625"},"modified":"2023-03-13T14:23:01","modified_gmt":"2023-03-13T14:23:01","slug":"kosmetologinis-kreslas-beauty-2","status":"publish","type":"product","link":"https:\/\/mlo.lt\/index.php\/product\/kosmetologinis-kreslas-beauty-2\/","title":{"rendered":"Kosmetologinis kr\u0117slas Beauty 2"},"content":{"rendered":"<p><strong>Beauty<\/strong>\u00a0\u2013 patogus kosmetologinis kr\u0117slas \u2013 ku\u0161et\u0117, skirtas pa\u010dioms \u012fvairiausioms kosmetin\u0117ms proced\u016broms. Pasir\u016bpinkite J\u016bs\u0173 klient\u0173 komfortu naudodamiesi auk\u0161\u010diausios kokyb\u0117s \u012franga J\u016bs\u0173 salone!<\/p>\n<p>&#8211; Lankst\u016bs alk\u016bnrams\u010diai , kuri\u0173 net nereikia specialiai reguliuoti;<br \/>\n&#8211; Reguliuojamas atlo\u0161o ir koj\u0173 atramos auk\u0161tis;<br \/>\n&#8211; Auk\u0161\u010diausios kokyb\u0117s maloni liesti danga suteikia papildom\u0105 malonum\u0105 ir yra ilgai tarnaujanti;<br \/>\n&#8211; I\u0161lankstoma ku\u0161et\u0117 suteikia galimyb\u0119 atlikti proced\u016bras klientui gulint;<br \/>\n&#8211; Kojel\u0117s aptrauktos guma, tod\u0117l\u00a0 kr\u0117slas neslidin\u0117ja grindimis;<br \/>\n&#8211; \u012erengta speciali \u012fduba galvai, tod\u0117l klientas gali \u012fsitaisyti maksimaliai patogiai;<br \/>\n&#8211; Kr\u0117slo patvarum\u0105 ir stabilum\u0105 garantuoja plieninis r\u0117mas bei patikimos si\u016bl\u0117s;<br \/>\n&#8211; Prakti\u0161kos kr\u0117slas idealiai atrodys ilgus metus.<\/p>\n","protected":false},"excerpt":{"rendered":"<div class=\"column-left\">\n<div class=\"description\">\n<ul>\n<li>Sekcijos: 4;<\/li>\n<li>Apkrova: 200 kg;<\/li>\n<li>Porolonas: 10 cm;<\/li>\n<li>Danga: sintetin\u0117 oda;<\/li>\n<li>Spalva: kremin\u0117, juoda;<\/li>\n<li>R\u0117mas: plienas;<\/li>\n<li>Auk\u0161tis: 68 cm;<\/li>\n<li>Matmenys: 185 cm x 63 \u2013 85 cm (su alk\u016bnrams\u010diais);<\/li>\n<li>Pakuot\u0117s matmenys: 137 cm x 34cm x 76cm<\/li>\n<li>Galvos ir koj\u0173 sekcijos pasvirimo kampas: 0 \u2013 80.<\/li>\n<\/ul>\n<\/div>\n<\/div>\n<div class=\"clear\"><\/div>\n","protected":false},"featured_media":1627,"comment_status":"open","ping_status":"closed","template":"","meta":[],"product_cat":[75],"product_tag":[],"class_list":["post-1625","product","type-product","status-publish","has-post-thumbnail","hentry","product_cat-kosmetologiniai-kreslai","product-has-gallery"],"_links":{"self":[{"href":"https:\/\/mlo.lt\/index.php\/wp-json\/wp\/v2\/product\/1625","targetHints":{"allow":["GET"]}}],"collection":[{"href":"https:\/\/mlo.lt\/index.php\/wp-json\/wp\/v2\/product"}],"about":[{"href":"https:\/\/mlo.lt\/index.php\/wp-json\/wp\/v2\/types\/product"}],"replies":[{"embeddable":true,"href":"https:\/\/mlo.lt\/index.php\/wp-json\/wp\/v2\/comments?post=1625"}],"wp:featuredmedia":[{"embeddable":true,"href":"https:\/\/mlo.lt\/index.php\/wp-json\/wp\/v2\/media\/1627"}],"wp:attachment":[{"href":"https:\/\/mlo.lt\/index.php\/wp-json\/wp\/v2\/media?parent=1625"}],"wp:term":[{"taxonomy":"product_cat","embeddable":true,"href":"https:\/\/mlo.lt\/index.php\/wp-json\/wp\/v2\/product_cat?post=1625"},{"taxonomy":"product_tag","embeddable":true,"href":"https:\/\/mlo.lt\/index.php\/wp-json\/wp\/v2\/product_tag?post=1625"}],"curies":[{"name":"wp","href":"https:\/\/api.w.org\/{rel}","templated":true}]}}