{"id":1543,"date":"2021-02-18T12:04:10","date_gmt":"2021-02-18T12:04:10","guid":{"rendered":"http:\/\/mlo.lt\/?post_type=product&#038;p=1543"},"modified":"2023-02-27T07:15:28","modified_gmt":"2023-02-27T07:15:28","slug":"popieriniu-ranksluosciu-pakaba","status":"publish","type":"product","link":"https:\/\/mlo.lt\/index.php\/product\/popieriniu-ranksluosciu-pakaba\/","title":{"rendered":"Popierini\u0173 rank\u0161luos\u010di\u0173 pakaba"},"content":{"rendered":"","protected":false},"excerpt":{"rendered":"<ul>\n<li>Pakaba tinkama standartiniams 50-70 cm plo\u010dio;<\/li>\n<li>Auk\u0161tis: 14 cm;<\/li>\n<li>Ilgis: 70 cm;<\/li>\n<li>Svoris: 0,5 kg;<\/li>\n<li>Pristatymas per 3 sav.<\/li>\n<\/ul>\n","protected":false},"featured_media":3085,"comment_status":"open","ping_status":"closed","template":"","meta":[],"product_cat":[66],"product_tag":[],"class_list":["post-1543","product","type-product","status-publish","has-post-thumbnail","hentry","product_cat-aksesuarai"],"_links":{"self":[{"href":"https:\/\/mlo.lt\/index.php\/wp-json\/wp\/v2\/product\/1543","targetHints":{"allow":["GET"]}}],"collection":[{"href":"https:\/\/mlo.lt\/index.php\/wp-json\/wp\/v2\/product"}],"about":[{"href":"https:\/\/mlo.lt\/index.php\/wp-json\/wp\/v2\/types\/product"}],"replies":[{"embeddable":true,"href":"https:\/\/mlo.lt\/index.php\/wp-json\/wp\/v2\/comments?post=1543"}],"wp:featuredmedia":[{"embeddable":true,"href":"https:\/\/mlo.lt\/index.php\/wp-json\/wp\/v2\/media\/3085"}],"wp:attachment":[{"href":"https:\/\/mlo.lt\/index.php\/wp-json\/wp\/v2\/media?parent=1543"}],"wp:term":[{"taxonomy":"product_cat","embeddable":true,"href":"https:\/\/mlo.lt\/index.php\/wp-json\/wp\/v2\/product_cat?post=1543"},{"taxonomy":"product_tag","embeddable":true,"href":"https:\/\/mlo.lt\/index.php\/wp-json\/wp\/v2\/product_tag?post=1543"}],"curies":[{"name":"wp","href":"https:\/\/api.w.org\/{rel}","templated":true}]}}