{"id":1397,"date":"2021-02-14T13:34:09","date_gmt":"2021-02-14T13:34:09","guid":{"rendered":"http:\/\/mlo.lt\/?post_type=product&#038;p=1397"},"modified":"2023-02-27T07:17:58","modified_gmt":"2023-02-27T07:17:58","slug":"ajurvedinis-stalas-veda","status":"publish","type":"product","link":"https:\/\/mlo.lt\/index.php\/product\/ajurvedinis-stalas-veda\/","title":{"rendered":"Ajurvedinis stalas Veda"},"content":{"rendered":"<p>\u0160is ajurvedinis stalas &#8222;Veda&#8221; yra paprastas, kompakti\u0161kas ir stabilios strukt\u016bros. Specialus stalo profilis neleid\u017eia naudojamam proced\u016br\u0173 aliejui tek\u0117ti\u00a0 i\u0161 u\u017e gulto kra\u0161to. \u0160iam masa\u017eo stalui buvo parinkta auk\u0161tos kokyb\u0117s atspari danga, kuri u\u017etikrina ilgamet\u012f stalo naudojim\u0105.<\/p>\n","protected":false},"excerpt":{"rendered":"<ul>\n<li>Auk\u0161tis: nuo 60 cm iki 80 cm (reguliuojamas kas 5 cm);<\/li>\n<li>Plotis: 80 cm;<\/li>\n<li>Ilgis: 180 cm (210 cm\u00a0 su galvos atrama);<\/li>\n<li>Svoris: 18 kg (be pried\u0173);<\/li>\n<li>Maksimalus paciento svoris: 170 kg;<\/li>\n<li>Koj\u0173 konstrukcija: medis;<\/li>\n<li>Sertifikatai:\u00a0<span lang=\"lt\">T\u00dcV Riehland, CE;<\/span><\/li>\n<li>Pristatymas per 3 sav.<\/li>\n<\/ul>\n","protected":false},"featured_media":1398,"comment_status":"open","ping_status":"closed","template":"","meta":[],"product_cat":[52],"product_tag":[],"class_list":["post-1397","product","type-product","status-publish","has-post-thumbnail","hentry","product_cat-ajurvediniai-stalai","product-has-gallery"],"_links":{"self":[{"href":"https:\/\/mlo.lt\/index.php\/wp-json\/wp\/v2\/product\/1397","targetHints":{"allow":["GET"]}}],"collection":[{"href":"https:\/\/mlo.lt\/index.php\/wp-json\/wp\/v2\/product"}],"about":[{"href":"https:\/\/mlo.lt\/index.php\/wp-json\/wp\/v2\/types\/product"}],"replies":[{"embeddable":true,"href":"https:\/\/mlo.lt\/index.php\/wp-json\/wp\/v2\/comments?post=1397"}],"wp:featuredmedia":[{"embeddable":true,"href":"https:\/\/mlo.lt\/index.php\/wp-json\/wp\/v2\/media\/1398"}],"wp:attachment":[{"href":"https:\/\/mlo.lt\/index.php\/wp-json\/wp\/v2\/media?parent=1397"}],"wp:term":[{"taxonomy":"product_cat","embeddable":true,"href":"https:\/\/mlo.lt\/index.php\/wp-json\/wp\/v2\/product_cat?post=1397"},{"taxonomy":"product_tag","embeddable":true,"href":"https:\/\/mlo.lt\/index.php\/wp-json\/wp\/v2\/product_tag?post=1397"}],"curies":[{"name":"wp","href":"https:\/\/api.w.org\/{rel}","templated":true}]}}